{"id":509,"date":"2019-01-31T11:57:25","date_gmt":"2019-01-31T14:57:25","guid":{"rendered":"http:\/\/checkupoftalmologia.com.br\/wp\/?page_id=509"},"modified":"2025-11-07T10:07:58","modified_gmt":"2025-11-07T13:07:58","slug":"opiniao-dos-pacientes","status":"publish","type":"page","link":"https:\/\/draodiliaoftalmo.com.br\/index.php\/opiniao-dos-pacientes\/","title":{"rendered":"Opini\u00e3o dos pacientes"},"content":{"rendered":"\n<p>O reconhecimento do nosso trabalho por parte dos nossos pacientes \u00e9 muito importante e gratificante. <\/p>\n\n\n\n<p>Clique nos links abaixo para ler os coment\u00e1rios dos nossos pacientes no Google e no Doctoralia.<\/p>\n\n\n\n<p><a href=\"https:\/\/g.page\/r\/CVn28cvL5Ib-EB0\/review\">Coment\u00e1rios no Google<\/a><\/p>\n\n\n\n<div class=\"wp-block-group\"><div class=\"wp-block-group__inner-container is-layout-flow wp-block-group-is-layout-flow\">\n<p><\/p>\n<\/div><\/div>\n\n\n\n<a id=\"zl-url\" class=\"zl-url\" href=\"https:\/\/www.doctoralia.com.br\/maria-odilia-navarro-m-viana\/oftalmologista\/joao-pessoa#tab=profile-reviews\" rel=\"nofollow\" data-zlw-doctor=\"odilia-medeiros\" data-zlw-type=\"big\" data-zlw-opinion=\"true\" data-zlw-hide-branding=\"true\">Dra Od\u00edlia Navarro &#8211; Doctoralia.com.br<\/a>\n\n\n\n<p><\/p>\n","protected":false},"excerpt":{"rendered":"<p>O reconhecimento do nosso trabalho por parte dos nossos pacientes \u00e9 muito importante e gratificante. Clique nos links abaixo para ler os coment\u00e1rios dos nossos pacientes no Google e no Doctoralia. Coment\u00e1rios no Google Dra Od\u00edlia Navarro &#8211; Doctoralia.com.br<\/p>\n","protected":false},"author":2,"featured_media":0,"parent":0,"menu_order":0,"comment_status":"closed","ping_status":"closed","template":"","meta":{"footnotes":""},"class_list":["post-509","page","type-page","status-publish","hentry"],"_links":{"self":[{"href":"https:\/\/draodiliaoftalmo.com.br\/index.php\/wp-json\/wp\/v2\/pages\/509","targetHints":{"allow":["GET"]}}],"collection":[{"href":"https:\/\/draodiliaoftalmo.com.br\/index.php\/wp-json\/wp\/v2\/pages"}],"about":[{"href":"https:\/\/draodiliaoftalmo.com.br\/index.php\/wp-json\/wp\/v2\/types\/page"}],"author":[{"embeddable":true,"href":"https:\/\/draodiliaoftalmo.com.br\/index.php\/wp-json\/wp\/v2\/users\/2"}],"replies":[{"embeddable":true,"href":"https:\/\/draodiliaoftalmo.com.br\/index.php\/wp-json\/wp\/v2\/comments?post=509"}],"version-history":[{"count":1,"href":"https:\/\/draodiliaoftalmo.com.br\/index.php\/wp-json\/wp\/v2\/pages\/509\/revisions"}],"predecessor-version":[{"id":1001,"href":"https:\/\/draodiliaoftalmo.com.br\/index.php\/wp-json\/wp\/v2\/pages\/509\/revisions\/1001"}],"wp:attachment":[{"href":"https:\/\/draodiliaoftalmo.com.br\/index.php\/wp-json\/wp\/v2\/media?parent=509"}],"curies":[{"name":"wp","href":"https:\/\/api.w.org\/{rel}","templated":true}]}}

Opinião dos pacientes

<p>O reconhecimento do nosso trabalho por parte dos nossos pacientes é muito importante e gratificante. </p>



<p>Clique nos links abaixo para ler os comentários dos nossos pacientes no Google e no Doctoralia.</p>



<p><a href="https://g.page/r/CVn28cvL5Ib-EB0/review">Comentários no Google</a></p>



<div class="wp-block-group"><div class="wp-block-group__inner-container is-layout-flow wp-block-group-is-layout-flow">
<p></p>
</div></div>



<a id="zl-url" class="zl-url" href="https://www.doctoralia.com.br/maria-odilia-navarro-m-viana/oftalmologista/joao-pessoa#tab=profile-reviews" rel="nofollow" data-zlw-doctor="odilia-medeiros" data-zlw-type="big" data-zlw-opinion="true" data-zlw-hide-branding="true">Dra Odília Navarro &#8211; Doctoralia.com.br</a>



<p></p>

<p>O reconhecimento do nosso trabalho por parte dos nossos pacientes é muito importante e gratificante. Clique nos links abaixo para ler os comentários dos nossos pacientes no Google e no Doctoralia. Comentários no Google Dra Odília Navarro &#8211; Doctoralia.com.br</p>
