{"id":446,"date":"2019-01-25T08:41:59","date_gmt":"2019-01-25T11:41:59","guid":{"rendered":"http:\/\/checkupoftalmologia.com.br\/wp\/?page_id=446"},"modified":"2019-01-25T08:41:59","modified_gmt":"2019-01-25T11:41:59","slug":"blefarite","status":"publish","type":"page","link":"https:\/\/draodiliaoftalmo.com.br\/index.php\/blefarite\/","title":{"rendered":"Blefarite"},"content":{"rendered":"\n<figure class=\"wp-block-gallery columns-1 is-cropped wp-block-gallery-1 is-layout-flex wp-block-gallery-is-layout-flex\"><ul class=\"blocks-gallery-grid\"><li class=\"blocks-gallery-item\"><figure><img loading=\"lazy\" decoding=\"async\" width=\"432\" height=\"432\" src=\"http:\/\/checkupoftalmologia.com.br\/wp\/wp-content\/uploads\/2020\/04\/Instagram_Check-UP3.png\" alt=\"\" data-id=\"626\" data-link=\"http:\/\/checkupoftalmologia.com.br\/wp\/blefarite\/attachment\/instagram_check-up3\/#main\" class=\"wp-image-626\" srcset=\"https:\/\/draodiliaoftalmo.com.br\/wp-content\/uploads\/2020\/04\/Instagram_Check-UP3.png 432w, https:\/\/draodiliaoftalmo.com.br\/wp-content\/uploads\/2020\/04\/Instagram_Check-UP3-300x300.png 300w, https:\/\/draodiliaoftalmo.com.br\/wp-content\/uploads\/2020\/04\/Instagram_Check-UP3-150x150.png 150w\" sizes=\"auto, (max-width: 432px) 100vw, 432px\" \/><\/figure><\/li><\/ul><\/figure>\n\n\n<p>A blefarite \u00e9 muito comum e geralmente \u00e9 causada por uma coloniza\u00e7\u00e3o exagerada das p\u00e1lpebras por bact\u00e9rias da flora normal da pele. Pode causar coceira, irrita\u00e7\u00e3o, fotofobia, lacrimejamento e sensa\u00e7\u00e3o de areia nos olhos.<\/p>\n<p><!-- \/wp:post-content --> <!-- wp:paragraph --><\/p>\n<p>O tratamento envolve higieniza\u00e7\u00e3o di\u00e1ria dos c\u00edlios e compressa morna, bem como lubrificante e antibi\u00f3tico, se necess\u00e1rio.<\/p>\n<p><!-- \/wp:paragraph --> <!-- wp:paragraph --><\/p>\n<p><a href=\"https:\/\/www.instagram.com\/explore\/tags\/sa%C3%BAde\/\">#sa\u00fade<\/a>&nbsp;<a href=\"https:\/\/www.instagram.com\/explore\/tags\/sa%C3%BAdeocular\/\">#sa\u00fadeocular<\/a>&nbsp;<a href=\"https:\/\/www.instagram.com\/explore\/tags\/olhos\/\">#olhos<\/a>&nbsp;<a href=\"https:\/\/www.instagram.com\/explore\/tags\/vis%C3%A3o\/\">#vis\u00e3o<\/a><a href=\"https:\/\/www.instagram.com\/explore\/tags\/oftalmologia\/\">#oftalmologia<\/a>&nbsp;<a href=\"https:\/\/www.instagram.com\/explore\/tags\/checkupoftalmologia\/\">#checkupoftalmologia<\/a><a href=\"https:\/\/www.instagram.com\/explore\/tags\/cabedelo\/\">#cabedelo<\/a>&nbsp;<a href=\"https:\/\/www.instagram.com\/explore\/tags\/intermares\/\">#intermares<\/a>&nbsp;<a href=\"https:\/\/www.instagram.com\/explore\/tags\/agendesuaconsulta\/\">#agendesuaconsulta<\/a><\/p>\n<p><!-- \/wp:paragraph --><\/p>","protected":false},"excerpt":{"rendered":"<p>A blefarite \u00e9 muito comum e geralmente \u00e9 causada por uma coloniza\u00e7\u00e3o exagerada das p\u00e1lpebras por bact\u00e9rias da flora normal da pele. Pode causar coceira, irrita\u00e7\u00e3o, fotofobia, lacrimejamento e sensa\u00e7\u00e3o de areia nos olhos. O tratamento envolve higieniza\u00e7\u00e3o di\u00e1ria dos c\u00edlios e compressa morna, bem como lubrificante e antibi\u00f3tico, se necess\u00e1rio. #sa\u00fade&nbsp;#sa\u00fadeocular&nbsp;#olhos&nbsp;#vis\u00e3o#oftalmologia&nbsp;#checkupoftalmologia#cabedelo&nbsp;#intermares&nbsp;#agendesuaconsulta<\/p>\n","protected":false},"author":2,"featured_media":0,"parent":0,"menu_order":0,"comment_status":"closed","ping_status":"closed","template":"","meta":{"footnotes":""},"class_list":["post-446","page","type-page","status-publish","hentry"],"_links":{"self":[{"href":"https:\/\/draodiliaoftalmo.com.br\/index.php\/wp-json\/wp\/v2\/pages\/446","targetHints":{"allow":["GET"]}}],"collection":[{"href":"https:\/\/draodiliaoftalmo.com.br\/index.php\/wp-json\/wp\/v2\/pages"}],"about":[{"href":"https:\/\/draodiliaoftalmo.com.br\/index.php\/wp-json\/wp\/v2\/types\/page"}],"author":[{"embeddable":true,"href":"https:\/\/draodiliaoftalmo.com.br\/index.php\/wp-json\/wp\/v2\/users\/2"}],"replies":[{"embeddable":true,"href":"https:\/\/draodiliaoftalmo.com.br\/index.php\/wp-json\/wp\/v2\/comments?post=446"}],"version-history":[{"count":0,"href":"https:\/\/draodiliaoftalmo.com.br\/index.php\/wp-json\/wp\/v2\/pages\/446\/revisions"}],"wp:attachment":[{"href":"https:\/\/draodiliaoftalmo.com.br\/index.php\/wp-json\/wp\/v2\/media?parent=446"}],"curies":[{"name":"wp","href":"https:\/\/api.w.org\/{rel}","templated":true}]}}

<figure class="wp-block-gallery columns-1 is-cropped wp-block-gallery-1 is-layout-flex wp-block-gallery-is-layout-flex"><ul class="blocks-gallery-grid"><li class="blocks-gallery-item"><figure><img loading="lazy" decoding="async" width="432" height="432" src="http://checkupoftalmologia.com.br/wp/wp-content/uploads/2020/04/Instagram_Check-UP3.png" alt="" data-id="626" data-link="http://checkupoftalmologia.com.br/wp/blefarite/attachment/instagram_check-up3/#main" class="wp-image-626" srcset="https://draodiliaoftalmo.com.br/wp-content/uploads/2020/04/Instagram_Check-UP3.png 432w, https://draodiliaoftalmo.com.br/wp-content/uploads/2020/04/Instagram_Check-UP3-300x300.png 300w, https://draodiliaoftalmo.com.br/wp-content/uploads/2020/04/Instagram_Check-UP3-150x150.png 150w" sizes="auto, (max-width: 432px) 100vw, 432px" /></figure></li></ul></figure>


<p>A blefarite é muito comum e geralmente é causada por uma colonização exagerada das pálpebras por bactérias da flora normal da pele. Pode causar coceira, irritação, fotofobia, lacrimejamento e sensação de areia nos olhos.</p>
<p><!-- /wp:post-content --> <!-- wp:paragraph --></p>
<p>O tratamento envolve higienização diária dos cílios e compressa morna, bem como lubrificante e antibiótico, se necessário.</p>
<p><!-- /wp:paragraph --> <!-- wp:paragraph --></p>
<p><a href="https://www.instagram.com/explore/tags/sa%C3%BAde/">#saúde</a>&nbsp;<a href="https://www.instagram.com/explore/tags/sa%C3%BAdeocular/">#saúdeocular</a>&nbsp;<a href="https://www.instagram.com/explore/tags/olhos/">#olhos</a>&nbsp;<a href="https://www.instagram.com/explore/tags/vis%C3%A3o/">#visão</a><a href="https://www.instagram.com/explore/tags/oftalmologia/">#oftalmologia</a>&nbsp;<a href="https://www.instagram.com/explore/tags/checkupoftalmologia/">#checkupoftalmologia</a><a href="https://www.instagram.com/explore/tags/cabedelo/">#cabedelo</a>&nbsp;<a href="https://www.instagram.com/explore/tags/intermares/">#intermares</a>&nbsp;<a href="https://www.instagram.com/explore/tags/agendesuaconsulta/">#agendesuaconsulta</a></p>
<p><!-- /wp:paragraph --></p>

<p>A blefarite é muito comum e geralmente é causada por uma colonização exagerada das pálpebras por bactérias da flora normal da pele. Pode causar coceira, irritação, fotofobia, lacrimejamento e sensação de areia nos olhos. O tratamento envolve higienização diária dos cílios e compressa morna, bem como lubrificante e antibiótico, se necessário. #saúde&nbsp;#saúdeocular&nbsp;#olhos&nbsp;#visão#oftalmologia&nbsp;#checkupoftalmologia#cabedelo&nbsp;#intermares&nbsp;#agendesuaconsulta</p>
