{"id":11,"date":"2017-05-22T22:51:44","date_gmt":"2017-05-23T01:51:44","guid":{"rendered":"http:\/\/checkupoftalmologia.com.br\/wp\/?page_id=11"},"modified":"2025-11-07T09:55:10","modified_gmt":"2025-11-07T12:55:10","slug":"contatos","status":"publish","type":"page","link":"https:\/\/draodiliaoftalmo.com.br\/index.php\/contatos\/","title":{"rendered":"Contatos"},"content":{"rendered":"<p><strong>Fone: (83) 98812-9064 <img loading=\"lazy\" decoding=\"async\" class=\"alignnone wp-image-361 \" src=\"https:\/\/draodiliaoftalmo.com.br\/wp-content\/uploads\/2018\/05\/download-150x150.png\" alt=\"\" width=\"24\" height=\"24\" srcset=\"https:\/\/draodiliaoftalmo.com.br\/wp-content\/uploads\/2018\/05\/download-150x150.png 150w, https:\/\/draodiliaoftalmo.com.br\/wp-content\/uploads\/2018\/05\/download.png 225w\" sizes=\"auto, (max-width: 24px) 100vw, 24px\" \/><\/strong><\/p>\n<p><a href=\"https:\/\/api.whatsapp.com\/send?l=&amp;phone=5583988129064\" target=\"_blank\" rel=\"noopener noreferrer\">Clique aqui\u00a0para falar pelo WhatsApp\u00a0<img loading=\"lazy\" decoding=\"async\" class=\"alignnone wp-image-361\" src=\"http:\/\/checkupoftalmologia.com.br\/wp\/wp-content\/uploads\/2018\/05\/download-150x150.png\" alt=\"\" width=\"25\" height=\"25\" srcset=\"https:\/\/draodiliaoftalmo.com.br\/wp-content\/uploads\/2018\/05\/download-150x150.png 150w, https:\/\/draodiliaoftalmo.com.br\/wp-content\/uploads\/2018\/05\/download.png 225w\" sizes=\"auto, (max-width: 25px) 100vw, 25px\" \/><\/a><\/p>\n<p>contato@draodiliaoftalmo.com.br<br \/><!--End of Tawk.to Script--><\/p>\n\n\n<a id=\"zl-url\" class=\"zl-url\" href=\"https:\/\/www.doctoralia.com.br\/maria-odilia-navarro-m-viana\/oftalmologista\/joao-pessoa\" rel=\"nofollow\" data-zlw-doctor=\"maria-odilia-navarro-m-viana\" data-zlw-type=\"big\" data-zlw-opinion=\"false\" data-zlw-hide-branding=\"true\" data-zlw-saas-only=\"false\" data-zlw-a11y-title=\"Widget de marca\u00e7\u00e3o de consultas m\u00e9dicas\">Maria Od\u00edlia Navarro M. Viana . &#8211; Doctoralia.com.br<\/a><script>!function($_x,_s,id){var js,fjs=$_x.getElementsByTagName(_s)[0];if(!$_x.getElementById(id)){js = $_x.createElement(_s);js.id = id;js.src = \"\/\/platform.docplanner.com\/js\/widget.js\";fjs.parentNode.insertBefore(js,fjs);}}(document,\"script\",\"zl-widget-s\");<\/script>\n\n\n\n<p><\/p>\n","protected":false},"excerpt":{"rendered":"<p>Fone: (83) 98812-9064 Clique aqui\u00a0para falar pelo WhatsApp\u00a0 contato@draodiliaoftalmo.com.br Maria Od\u00edlia Navarro M. Viana . &#8211; Doctoralia.com.br<\/p>\n","protected":false},"author":2,"featured_media":0,"parent":0,"menu_order":0,"comment_status":"closed","ping_status":"closed","template":"","meta":{"footnotes":""},"class_list":["post-11","page","type-page","status-publish","hentry"],"_links":{"self":[{"href":"https:\/\/draodiliaoftalmo.com.br\/index.php\/wp-json\/wp\/v2\/pages\/11","targetHints":{"allow":["GET"]}}],"collection":[{"href":"https:\/\/draodiliaoftalmo.com.br\/index.php\/wp-json\/wp\/v2\/pages"}],"about":[{"href":"https:\/\/draodiliaoftalmo.com.br\/index.php\/wp-json\/wp\/v2\/types\/page"}],"author":[{"embeddable":true,"href":"https:\/\/draodiliaoftalmo.com.br\/index.php\/wp-json\/wp\/v2\/users\/2"}],"replies":[{"embeddable":true,"href":"https:\/\/draodiliaoftalmo.com.br\/index.php\/wp-json\/wp\/v2\/comments?post=11"}],"version-history":[{"count":12,"href":"https:\/\/draodiliaoftalmo.com.br\/index.php\/wp-json\/wp\/v2\/pages\/11\/revisions"}],"predecessor-version":[{"id":998,"href":"https:\/\/draodiliaoftalmo.com.br\/index.php\/wp-json\/wp\/v2\/pages\/11\/revisions\/998"}],"wp:attachment":[{"href":"https:\/\/draodiliaoftalmo.com.br\/index.php\/wp-json\/wp\/v2\/media?parent=11"}],"curies":[{"name":"wp","href":"https:\/\/api.w.org\/{rel}","templated":true}]}}